 427?
False
Does 55 divide 165?
True
Is 23160 a multiple of 7?
False
Is 90 a multiple of 3?
True
Is 10 a factor of 493?
False
Does 6 divide 275?
False
Is 9 a factor of 9?
True
Is 14 a factor of 756?
True
Is 651 a multiple of 17?
False
Is 92 a factor of 2392?
True
Is 18 a factor of 24749?
False
Is 450 a multiple of 10?
True
Does 209 divide 7727?
False
Does 13 divide 21448?
False
Is 60529 a multiple of 16?
False
Does 170 divide 37131?
False
Is 85 a factor of 3920?
False
Is 13 a factor of 18135?
True
Does 57 divide 128660?
False
Does 12 divide 5687?
False
Is 9 a factor of 1773?
True
Is 9870 a multiple of 141?
True
Is 46 a factor of 1288?
True
Is 5640 a multiple of 4?
True
Is 223 a multiple of 26?
False
Is 165 a factor of 36465?
True
Is 170 a factor of 73302?
False
Is 16308 a multiple of 27?
True
Is 2762 a multiple of 50?
False
Does 90 divide 5894?
False
Is 6808 a multiple of 74?
True
Is 7 a factor of 2640?
False
Does 31 divide 31372?
True
Is 84635 a multiple of 57?
False
Is 736 a multiple of 20?
False
Does 7 divide 637?
True
Is 16185 a multiple of 36?
False
Does 8 divide 312?
True
Is 3748 a multiple of 96?
False
Is 65 a multiple of 7?
False
Is 190866 a multiple of 19?
False
Does 9 divide 23778?
True
Is 10 a factor of 2443?
False
Is 132 a multiple of 12?
True
Is 30 a factor of 30630?
True
Does 8 divide 143?
False
Is 1124 a multiple of 3?
False
Does 233 divide 14612?
False
Is 9576 a multiple of 28?
True
Does 71 divide 4324?
False
Is 4 a factor of 4992?
True
Is 57754 a multiple of 5?
False
Is 507 a multiple of 13?
True
Is 1178 a multiple of 19?
True
Is 50 a factor of 95?
False
Is 67 a factor of 69474?
False
Is 44330 a multiple of 10?
True
Is 63 a multiple of 6?
False
Is 84 a multiple of 14?
True
Is 3930 a multiple of 8?
False
Does 10 divide 1407?
False
Is 114 a factor of 19836?
True
Does 32 divide 68640?
True
Is 13 a factor of 3017?
False
Does 3 divide 8577?
True
Does 12 divide 2926?
False
Is 81 a factor of 102?
False
Is 261 a multiple of 11?
False
Is 1934 a multiple of 24?
False
Is 102062 a multiple of 422?
False
Is 14110 a multiple of 83?
True
Is 45 a factor of 611?
False
Does 12 divide 9941?
False
Is 1463 a multiple of 28?
False
Does 26 divide 1950?
True
Is 4 a factor of 4452?
True
Is 11 a factor of 6029?
False
Is 84 a factor of 2436?
True
Is 286 a factor of 14514?
False
Is 5 a factor of 5515?
True
Is 111 a factor of 2976?
False
Is 113 a factor of 9379?
True
Does 3 divide 4290?
True
Does 251 divide 5726?
False
Is 14479 a multiple of 8?
False
Is 20 a factor of 11841?
False
Does 60 divide 11215?
False
Is 86 a factor of 860?
True
Is 25536 a multiple of 12?
True
Does 169 divide 51207?
True
Is 163 even?
False
Is 10 a factor of 3190?
True
Is 4 a factor of 3544?
True
Is 3 a factor of 187?
False
Does 28 divide 336?
True
Does 17 divide 1985?
False
Is 27 a factor of 338?
False
Is 450 a multiple of 15?
True
Is 146 a factor of 30806?
True
Is 568 a multiple of 142?
True
Is 1386 a multiple of 42?
True
Does 14 divide 476?
True
Is 119 a factor of 66131?
False
Is 2562 a multiple of 14?
True
Is 4597 a multiple of 84?
False
Is 18 a factor of 1011?
False
Is 74 a factor of 5920?
True
Is 17 a factor of 646?
True
Is 18 a factor of 36?
True
Is 100772 a multiple of 28?
True
Is 417 a multiple of 3?
True
Is 1800 a multiple of 12?
True
Is 367 a multiple of 21?
False
Does 7 divide 539?
True
Is 669 a multiple of 13?
False
Does 29 divide 25364?
False
Is 59596 a multiple of 317?
True
Is 5 a factor of 350?
True
Is 29436 a multiple of 11?
True
Does 3 divide 24?
True
Is 7105 a multiple of 118?
False
Does 28 divide 167?
False
Does 9 divide 52981?
False
Is 57 a factor of 4617?
True
Is 22 a factor of 4994?
True
Does 23 divide 73?
False
Does 10 divide 3482?
False
Is 28 a factor of 1978?
False
Is 44 a factor of 37882?
False
Is 41507 a multiple of 64?
False
Is 7 a factor of 966?
True
Does 28 divide 9688?
True
Is 1479 a multiple of 3?
True
Is 10 a factor of 30600?
True
Is 14 a factor of 826?
True
Is 4154 a multiple of 110?
False
Is 46 a factor of 1031?
False
Is 49200 a multiple of 328?
True
Is 630 a multiple of 8?
False
Is 2373 a multiple of 3?
True
Is 7720 a multiple of 10?
True
Is 6205 a multiple of 73?
True
Is 672 a multiple of 42?
True
Is 11 a factor of 40016?
False
Is 517 a multiple of 35?
False
Does 20 divide 34060?
True
Does 106 divide 5618?
True
Does 14 divide 12600?
True
Does 9 divide 1073?
False
Is 69 a factor of 1035?
True
Is 157 a factor of 6437?
True
Is 192 a multiple of 16?
True
Is 13 a factor of 1811?
False
Is 122026 a multiple of 34?
True
Does 18 divide 1044?
True
Does 9 divide 11862?
True
Is 45 a factor of 56385?
True
Is 3 a factor of 385?
False
Does 97 divide 5335?
True
Does 33 divide 78493?
False
Is 270 a factor of 40268?
False
Does 2 divide 59?
False
Does 124 divide 6076?
True
Is 4 a factor of 29?
False
Does 56 divide 6664?
True
Is 7 a factor of 143?
False
Does 9 divide 225?
True
Is 32741 a multiple of 16?
False
Is 27528 a multiple of 37?
True
Is 35330 a multiple of 18?
False
Is 38 a factor of 6784?
False
Is 11 a factor of 385?
True
Does 113 divide 1642?
False
Does 55 divide 1885?
False
Is 13338 a multiple of 10?
False
Does 280 divide 29316?
False
Is 137 a factor of 20276?
True
Is 54 a multiple of 6?
True
Does 9 divide 1773?
True
Does 29 divide 8613?
True
Is 11 a factor of 3729?
True
Is 44392 a multiple of 136?
False
Is 67899 a multiple of 68?
False
Is 2478 a multiple of 14?
True
Does 5 divide 9011?
False
Is 49 a factor of 9599?
False
Does 14 divide 7322?
True
Is 31 a factor of 7593?
False
Is 3450 a multiple of 50?
True
Does 10 divide 5350?
True
Is 111 even?
False
Is 37 a factor of 51245?
True
Is 5652 a multiple of 105?
False
Does 18 divide 105?
False
Does 16 divide 3356?
False
Does 49 divide 618?
False
Does 16 divide 11232?
True
Is 6137 a multiple of 12?
False
Is 3817 a multiple of 18?
False
Is 17 a factor of 818?
False
Does 17 divide 9333?
True
Is 83 a factor of 6474?
True
Is 13 a factor of 29601?
True
Does 34 divide 317?
False
Is 29687 a multiple of 14?
False
Does 3 divide 29?
False
Is 77080 a multiple of 12?
False
Is 36036 a multiple of 14?
True
Is 1260 a multiple of 84?
True
Does 24 divide 56716?
False
Does 23 divide 4876?
True
Is 47 a factor of 25380?
True
Is 42 a factor of 714?
True
Is 5440 a multiple of 8?
True
Is 11 a factor of 2718?
False
Is 8 a factor of 9280?
True
Does 45 divide 15655?
False
Does 16 divide 444?
False
Is 18 a factor of 648?
True
Is 24 a factor of 600?
True
Is 288 a multiple of 8?
True
Is 3230 a multiple of 17?
True
Is 16641 a multiple of 76?
False
Is 1434 a multiple of 34?
False
Does 53 divide 901?
True
Is 77 a factor of 3827?
False
Is 10 a factor of 540?
True
Is 172 even?
True
Does 43 divide 731?
True
Is 34 a factor of 509?
False
Is 19 a factor of 2546?
True
Does 3 divide 1305?
True
Does 16 divide 4118?
False
Does 88 divide 73413?
False
Is 35 a factor of 49661?
False
Is 554 a multiple of 11?
False
Is 3501 a multiple of 9?
True
Is 3696 a multiple of 14?
True
Is 6149 a multiple of 43?
True
Is 6354 a multiple of 9?
True
Is 52 a multiple of 6?
False
Is 56 a factor of 7896?
True
Is 19638 a multiple of 19?
False
Is 1603 a multiple of 42?
False
Does 2 divide 145?
False
Does 6 divide 1203?
False
Is 50 a factor of 3900?
True
Is 2546 a multiple of 119?
False
Is 6 even?
True
Is 1225 a multiple of 34?
False
Does 16 divide 3984?
True
Is 14 a factor of 87976?
True
Is 465 a multiple of 5?
True
Does 25 divide 5625?
True
Is 140 a multiple of 14?
True
Does 20 divide 11390?
False
Is 12 a factor of 56412?
True
Does 9 divide 15768?
True
Does 4 divide 579?
False
Is 95 a multiple of 16?
False
Is 5790 a multiple of 30?
True
Is 7 a factor of 4551?
False
Does 13 divide 416?
True
Is 21 a factor of 72836?
False
Is 12 a factor of 2940?
True
Is 15400 a multiple of 44?
True
Is 21 a factor of 819?
True
Is 2144 a multiple of 16?
True
Is 238 even?
True
Does 13 divide 2853?
False
Does 49 divide 1984?
False
Is 320 a multiple of 10?
True
Is 643 a multiple of 6?
False
Is 17 a factor of 35802?
True
Does 22 divide 50164?
False
Is 244 a multiple of 6?
False
Is 94 a factor of 3491?
False
Is 33 a factor of 14042?
False
Does 44 divide 4620?
True
Is 7 a factor of 7861?
True
Is 9 a factor of 6646?
False
Is 2191 a multiple of 8?
False
Is 451 a multiple of 10?
False
Is 21 a factor 